{"id":1146,"date":"2023-11-07T13:22:41","date_gmt":"2023-11-07T10:22:41","guid":{"rendered":"https:\/\/trf.gov.tr\/?page_id=1146"},"modified":"2023-11-07T13:22:42","modified_gmt":"2023-11-07T10:22:42","slug":"gizlilik-politikasi-2","status":"publish","type":"page","link":"https:\/\/trf.gov.tr\/?page_id=1146","title":{"rendered":"Gizlilik Politikas\u0131"},"content":{"rendered":"\n<p><em>Bizimle payla\u015ft\u0131\u011f\u0131n\u0131z t\u00fcm ki\u015fisel verilerin korunmas\u0131na \u00f6nem g\u00f6steriyoruz. Sizinle g\u00fcvene dayal\u0131 ili\u015fkimizi esas alarak, en iyi kullan\u0131m ve hizmeti sa\u011flamak amac\u0131yla &nbsp;T\u00fcrkiye Ragbi Federasyonu&nbsp;&nbsp;olarak internet sitemizde&nbsp;\u00e7erezlerden faydalanmaktay\u0131z. Kulland\u0131\u011f\u0131m\u0131z \u00e7erezler hakk\u0131nda bilgi almak ve ilgili haklar\u0131n\u0131z\u0131 \u00f6\u011frenmek i\u00e7in a\u015fa\u011f\u0131da yeralan&nbsp; \u00c7erez Politikam\u0131z\u0131&nbsp;inceleyebilirsiniz. &nbsp;<\/em><\/p>\n\n\n\n<h5 class=\"wp-block-heading\">\u00c7EREZ POL\u0130T\u0130KASI<\/h5>\n\n\n\n<hr class=\"wp-block-separator has-alpha-channel-opacity\"\/>\n\n\n\n<h6 class=\"wp-block-heading\">\u00c7erez Nedir ve Hangi Ama\u00e7larla Kullan\u0131lmaktad\u0131r?<\/h6>\n\n\n\n<p>\u00c7erez; kullan\u0131lmakta olan cihaz\u0131n internet taray\u0131c\u0131s\u0131na ya da sabit diskine depolanarak s\u00f6z konusu cihaz\u0131n tespit edilmesine olanak tan\u0131yan bir dosyad\u0131r. G\u00fcn\u00fcm\u00fczde neredeyse b\u00fct\u00fcn web siteleri \u00e7erezler kullanmaktad\u0131r. \u00c7erez, bir web sitesini ziyaret etti\u011finizde cihaz\u0131n\u0131za (\u00f6rne\u011fin; bilgisayar veya cep telefonu) depolanan k\u00fc\u00e7\u00fck bir metin dosyas\u0131n\u0131 ifade etmektedir.&nbsp;\u00c7erez dosyalar\u0131nda oturum bilgileri ve benzeri veriler saklanmaktad\u0131r.&nbsp;\u00c7erezler, hem zamandan tasarruf edebilmek hem daha iyi bir internet hizmeti sunmak hem de ki\u015fiselle\u015ftirilmi\u015f bir deneyimden faydalanmak amac\u0131 ile kullan\u0131lmaktad\u0131r.<\/p>\n\n\n\n<h6 class=\"wp-block-heading\">\u00c7erezleri nas\u0131l kontrol edebilirsiniz?<\/h6>\n\n\n\n<p>\u00c7erezleri diledi\u011finiz gibi kontrol edebilir veya silebilirsiniz. Bilgisayar\u0131n\u0131zda h\u00e2lihaz\u0131rda bulunan \u00e7erezleri silebilir, engelleyebilir ve \u00e7o\u011fu Internet gezgininde \u00e7erez kaydedilmesini\/yerle\u015ftirilmesini engelleyebilir bunu taray\u0131c\u0131n\u0131n ayarlar\u0131n\u0131 de\u011fi\u015ftirmek suretiyle ger\u00e7ekle\u015ftirebilirsiniz.<\/p>\n\n\n\n<h6 class=\"wp-block-heading\">T\u00fcrkiye Ragbi Federasyonu&nbsp;Taraf\u0131ndan Kullan\u0131lan \u00c7erezler<\/h6>\n\n\n\n<p>A\u015fa\u011f\u0131da web sitemizde kullan\u0131lmakta olan \u00e7erez t\u00fcrleri ve bu \u00e7erezlerin hangi ama\u00e7la kullan\u0131ld\u0131klar\u0131 detayl\u0131 bir \u015fekilde ortaya konulmu\u015ftur.<\/p>\n\n\n\n<figure class=\"wp-block-table\"><table><tbody><tr><td><strong>\u00c7erez Ad\u0131<\/strong><\/td><td><strong>S\u00fcre<\/strong><\/td><td><strong>Kategori&nbsp;<\/strong><\/td><td><strong>A\u00e7\u0131klama&nbsp;<\/strong><\/td><\/tr><tr><td>PHPSESSIONID<\/td><td>Oturum<\/td><td>Gerekli<\/td><td>Bu \u00e7erez PHP uygulamalar\u0131na \u00f6zg\u00fcd\u00fcr. \u00c7erez, web sitesinde kullan\u0131c\u0131 oturumunu y\u00f6netmek amac\u0131yla bir kullan\u0131c\u0131n\u0131n benzersiz oturum kimli\u011fini depolamak ve tan\u0131mlamak i\u00e7in kullan\u0131l\u0131r. \u00c7erez bir oturum \u00e7erezidir ve t\u00fcm taray\u0131c\u0131 pencereleri kapat\u0131ld\u0131\u011f\u0131nda silinir.<\/td><\/tr><tr><td>test_cookie<\/td><td>15 Dk<\/td><td>\u0130\u015flev<\/td><td>Bu \u00e7erez doubleclick.net taraf\u0131ndan ayarlan\u0131r.&nbsp;\u00c7erezin amac\u0131, kullan\u0131c\u0131lar\u0131n taray\u0131c\u0131s\u0131n\u0131n \u00e7erezleri destekleyip desteklemedi\u011fini belirlemektir.<\/td><\/tr><tr><td>acceptCookies<\/td><td>Oturum<\/td><td>\u0130\u015flev<\/td><td>Bu tan\u0131mlama bilgisi, tan\u0131mlama bilgisi mevzuat\u0131 uyar\u0131nca onay almak i\u00e7in kullan\u0131l\u0131r.<\/td><\/tr><tr><td>session_sm<\/td><td>Oturum<\/td><td>\u0130\u015flev<\/td><td>Bu tan\u0131mlama bilgisi, sayfan\u0131n y\u00fcklenmesiyle birlikte y\u00fcr\u00fct\u00fclen modal duyuru penceresinin tekrar g\u00f6sterilip g\u00f6sterilmeyece\u011fi ile ilgili kullan\u0131c\u0131n\u0131n karar\u0131n\u0131 saklar.<\/td><\/tr><tr><td>VISITOR_INFO1_LIVE<\/td><td>5 Ay<\/td><td>\u0130\u015flev<\/td><td>Bu \u00e7erez Youtube taraf\u0131ndan ayarlan\u0131r ve YouTube videolar\u0131n\u0131n bilgilerini izlemek i\u00e7in kullan\u0131l\u0131r.<\/td><\/tr><tr><td>YSC<\/td><td>&#8211;<\/td><td>Performance<\/td><td>Bu \u00e7erezler Youtube taraf\u0131ndan ayarlan\u0131r ve g\u00f6m\u00fcl\u00fc videolar\u0131n g\u00f6r\u00fcnt\u00fclemelerini izlemek i\u00e7in kullan\u0131l\u0131r.<\/td><\/tr><tr><td>GPS<\/td><td>30 Dk<\/td><td>\u0130\u015flev<\/td><td>Bu \u00e7erez Youtube taraf\u0131ndan ayarlan\u0131r ve kullan\u0131c\u0131lar\u0131 co\u011frafi konumlar\u0131na g\u00f6re izlemek i\u00e7in benzersiz bir kimlik kaydeder.<\/td><\/tr><tr><td>IDE<\/td><td>1 Y\u0131l<\/td><td>\u0130\u015flev<\/td><td>Google DoubleClick taraf\u0131ndan kullan\u0131l\u0131r ve kullan\u0131c\u0131n\u0131n web sitesini ziyaret etmeden \u00f6nce web sitesini ve di\u011fer t\u00fcm reklamlar\u0131 nas\u0131l kulland\u0131\u011f\u0131 hakk\u0131nda bilgi depolar. Bu, kullan\u0131c\u0131 profiline g\u00f6re kullan\u0131c\u0131lara kendileriyle alakal\u0131 reklamlar sunmak i\u00e7in kullan\u0131l\u0131r.<\/td><\/tr><tr><td>__utma<\/td><td>2 y\u0131l<\/td><td>Performans<\/td><td>Bu tan\u0131mlama bilgisi, Google Analytics taraf\u0131ndan kullan\u0131c\u0131lar\u0131 ve oturumlar\u0131 ay\u0131rmak i\u00e7in kullan\u0131l\u0131r. Google Analytics&#8217;e her veri g\u00f6nderildi\u011finde tan\u0131mlama bilgileri g\u00fcncellenir.<\/td><\/tr><tr><td>__utmb<\/td><td>30 dakika<\/td><td>Performans<\/td><td>Bu tan\u0131mlama bilgisi, Google Analytics taraf\u0131ndan yeni oturumlar\u0131 ve ziyaretleri ay\u0131rmak i\u00e7in kullan\u0131l\u0131r. Google Analytics&#8217;e her veri g\u00f6nderildi\u011finde tan\u0131mlama bilgileri g\u00fcncellenir.<\/td><\/tr><tr><td>__utmz<\/td><td>6 ay<\/td><td>Performans<\/td><td>Bu tan\u0131mlama bilgisi, Google Analytics taraf\u0131ndan kullan\u0131c\u0131 ziyaretinin amac\u0131n\u0131 de\u011ferlendirmek i\u00e7in kullan\u0131l\u0131r ve web sitesi y\u00f6neticileri i\u00e7in web sitesi etkinli\u011fiyle ilgili raporlar olu\u015fturur ve m\u00fc\u015fteri deneyimini iyile\u015ftirmeyi ama\u00e7lar.<\/td><\/tr><tr><td>__utmc<\/td><td>Oturum<\/td><td>Performans<\/td><td>Bu tan\u0131mlama bilgisi, Google Analytics taraf\u0131ndan yeni ziyaret\u00e7ileri belirlemek i\u00e7in kullan\u0131l\u0131r.<\/td><\/tr><tr><td>__utmt<\/td><td>10 Dk<\/td><td>Performans<\/td><td>\u00c7erez Google Analytics taraf\u0131ndan ayarlan\u0131r ve istek oran\u0131n\u0131 azaltmak i\u00e7in kullan\u0131l\u0131r.<\/td><\/tr><\/tbody><\/table><\/figure>\n\n\n\n<p>Tan\u0131mlama bilgileri \u00e7e\u015fitli \u015fekillerde s\u0131n\u0131fland\u0131r\u0131labilir:<\/p>\n\n\n\n<ul class=\"wp-block-list\">\n<li>Gerekli:&nbsp;Bu tan\u0131mlama bilgileri, kullan\u0131c\u0131n\u0131n sitenin g\u00fcvenli sayfalar gibi \u00f6zel k\u0131s\u0131mlar\u0131n\u0131 gezebilmesini ve kullanabilmesini sa\u011flar. Bunlar olmadan web sitesinin \u00f6nemli k\u0131s\u0131mlar\u0131 kullan\u0131lamaz.<\/li>\n\n\n\n<li>Performans:&nbsp;Bu tan\u0131mlama bilgileri web sitesinin, dil ayar\u0131 gibi kullan\u0131c\u0131 tercihlerini kaydetmesini sa\u011flayarak kullan\u0131c\u0131ya iyile\u015ftirilmi\u015f, daha ki\u015fisel bir deneyim sunar.<\/li>\n\n\n\n<li>\u0130\u015flev:&nbsp;Bu tan\u0131mlama bilgileri, kullan\u0131c\u0131 davran\u0131\u015f\u0131yla ilgili veri toplar. Toplanan t\u00fcm veriler anonim toplan\u0131r ve i\u015flev tan\u0131mlama bilgileri, di\u011fer sitelerde kullan\u0131c\u0131 faaliyetlerini izleyemez.<\/li>\n<\/ul>\n\n\n\n<p>Bu bilgiler, web sitesini iyile\u015ftirmek i\u00e7in raporlar\u0131 derlemek amac\u0131yla kullan\u0131l\u0131r. \u0130\u015flev tan\u0131mlama bilgileri, kullan\u0131c\u0131 taraf\u0131ndan istenen hizmeti sa\u011flayanlar\u0131 da kapsayabilir.<\/p>\n\n\n\n<h6 class=\"wp-block-heading\">Ki\u015fisel Verileri \u0130\u015flenen Ki\u015fi Olarak Haklar\u0131n\u0131z<\/h6>\n\n\n\n<p>Ki\u015fisel veri sahibi olarak KVKK\u2019nun 11. Maddesi ilgili maddesi uyar\u0131nca ki\u015fisel verilerinizin i\u015flenip i\u015flenmedi\u011fini, verileri i\u015flenmi\u015fse buna ili\u015fkin bilgileri, verilerin i\u015flenme amac\u0131n\u0131 ve bunlar\u0131n amac\u0131na uygun kullan\u0131l\u0131p kullan\u0131lmad\u0131\u011f\u0131n\u0131, yurti\u00e7inde veya yurtd\u0131\u015f\u0131nda verilerin aktar\u0131ld\u0131\u011f\u0131 \u00fc\u00e7\u00fcnc\u00fc ki\u015filerin kimler oldu\u011funu, verilerin eksik veya yanl\u0131\u015f olmas\u0131 h\u00e2linde bunlar\u0131n d\u00fczeltilmesini, ki\u015fisel verilerin KVKK\u2019n\u0131n 7. maddesinde \u00f6ng\u00f6r\u00fclen \u015fartlar \u00e7er\u00e7evesinde silinmesini veya yok edilmesini, verilerin aktar\u0131ld\u0131\u011f\u0131 \u00fc\u00e7\u00fcnc\u00fc ki\u015filere bildirilmesini isteme ve verilerinin ilgili mevzuata ayk\u0131r\u0131 olarak i\u015flenmesi sebebiyle zarara u\u011framan\u0131z halinde zarar\u0131n giderilmesini talep etme hakk\u0131 bulunmaktad\u0131r.<\/p>\n\n\n\n<p>Bize ki\u015fisel verilerinizle ilgili her t\u00fcrl\u00fc soru ve g\u00f6r\u00fc\u015fleriniz i\u00e7in ba\u015fvurunuzda yer alan talepleriniz, talebin niteli\u011fine g\u00f6re en ge\u00e7 otuz g\u00fcn i\u00e7inde sonu\u00e7land\u0131r\u0131lacakt\u0131r. Talebinizin niteli\u011fine g\u00f6re size \u00fccretsiz cevap verebiliriz. Ancak, i\u015flemin \u015firket i\u00e7in ayr\u0131ca bir maliyeti gerektirmesi h\u00e2linde, Ki\u015fisel Verileri Koruma Kurulu taraf\u0131ndan Veri Sorumlusuna Ba\u015fvuru Usul Ve Esaslar\u0131 Hakk\u0131nda Tebli\u011f\u2019de belirlenen tarifedeki \u00fccret talep edilebilecektir.<\/p>\n\n\n\n<p>Ki\u015fisel verilerinizin i\u015flenmesi ile ilgili hususlarda ba\u015fvurunuzu &#8220;Veri Sorumlusuna Ba\u015fvuru Usul Ve Esaslar\u0131 Hakk\u0131nda Tebli\u011f&#8221;in 5. maddesindeki \u015fartlara uymak kayd\u0131yla&nbsp;T\u00fcrkiye Ragbi Federasyonu&nbsp;internet sitesinin &#8220;Ki\u015fisel Verilerin Korunmas\u0131&#8221; sayfas\u0131nda belirtilen yollarla ger\u00e7ekle\u015ftirebilirsiniz.<\/p>\n\n\n\n<p>Kullan\u0131c\u0131n\u0131n&nbsp;T\u00fcrkiye Ragbi Federasyonu internet sitesini ziyarete devam etmesi, \u00e7erez kullan\u0131m\u0131na ve&nbsp;ki\u015fisel verilerinin i\u015fbu politika kapsam\u0131nda i\u015flenmesine onay verdi\u011fi anlam\u0131na gelmektedir.<\/p>\n","protected":false},"excerpt":{"rendered":"<p>Bizimle payla\u015ft\u0131\u011f\u0131n\u0131z t\u00fcm ki\u015fisel verilerin korunmas\u0131na \u00f6nem g\u00f6steriyoruz. Sizinle g\u00fcvene dayal\u0131 ili\u015fkimizi esas alarak, en iyi kullan\u0131m ve hizmeti sa\u011flamak<\/p>\n","protected":false},"author":1,"featured_media":0,"parent":0,"menu_order":0,"comment_status":"closed","ping_status":"closed","template":"","meta":{"footnotes":""},"class_list":["post-1146","page","type-page","status-publish","hentry"],"wpmagazine_modules_lite_featured_media_urls":{"thumbnail":"","cvmm-medium":"","cvmm-medium-plus":"","cvmm-portrait":"","cvmm-medium-square":"","cvmm-large":"","cvmm-small":"","full":""},"categories_names":null,"comments_number":"0","_links":{"self":[{"href":"https:\/\/trf.gov.tr\/index.php?rest_route=\/wp\/v2\/pages\/1146","targetHints":{"allow":["GET"]}}],"collection":[{"href":"https:\/\/trf.gov.tr\/index.php?rest_route=\/wp\/v2\/pages"}],"about":[{"href":"https:\/\/trf.gov.tr\/index.php?rest_route=\/wp\/v2\/types\/page"}],"author":[{"embeddable":true,"href":"https:\/\/trf.gov.tr\/index.php?rest_route=\/wp\/v2\/users\/1"}],"replies":[{"embeddable":true,"href":"https:\/\/trf.gov.tr\/index.php?rest_route=%2Fwp%2Fv2%2Fcomments&post=1146"}],"version-history":[{"count":1,"href":"https:\/\/trf.gov.tr\/index.php?rest_route=\/wp\/v2\/pages\/1146\/revisions"}],"predecessor-version":[{"id":1147,"href":"https:\/\/trf.gov.tr\/index.php?rest_route=\/wp\/v2\/pages\/1146\/revisions\/1147"}],"wp:attachment":[{"href":"https:\/\/trf.gov.tr\/index.php?rest_route=%2Fwp%2Fv2%2Fmedia&parent=1146"}],"curies":[{"name":"wp","href":"https:\/\/api.w.org\/{rel}","templated":true}]}}