{"id":1189,"date":"2023-11-07T14:04:37","date_gmt":"2023-11-07T11:04:37","guid":{"rendered":"https:\/\/trf.gov.tr\/?page_id=1189"},"modified":"2023-11-07T14:04:38","modified_gmt":"2023-11-07T11:04:38","slug":"ragbi-7li-rugby-sevens","status":"publish","type":"page","link":"https:\/\/trf.gov.tr\/?page_id=1189","title":{"rendered":"RAGB\u0130 7&#8217;L\u0130 (RUGBY SEVENS)"},"content":{"rendered":"\n<p><strong>Rugby union<\/strong>&nbsp;kendi i\u00e7inde \u201c<strong>Sevens<\/strong>\u201d olarak bilinen bir varyasyonu bar\u0131nd\u0131r\u0131r.&nbsp; Sevens \u201cyedili rugby\u201d rugby union kurallar\u0131na g\u00f6re oynan\u0131r ve daha k\u0131sa zamanl\u0131 bir ma\u00e7t\u0131r.&nbsp; Sevens \u201cMelrose,\u0130sko\u00e7ya\u201d k\u00f6kenli bir oyundur ve her y\u0131l \u201cMelrose Sevens\u201d turnuvas\u0131 d\u00fczenlenir.&nbsp; Oyun hem amat\u00f6r hem profesyonel d\u00fczeyde \u00e7ok pop\u00fclerdir ve genellikle yaz aylar\u0131nda turnuvalar \u015feklinde d\u00fczenlenerek oynan\u0131r.<\/p>\n\n\n\n<p>7\u2019\u015fer dakikal\u0131k 2 yar\u0131 olarak oynan\u0131r ve +1 dakika devre aras\u0131 vard\u0131r.&nbsp;<a href=\"http:\/\/www.irb.com\/\">Irb<\/a>&nbsp;taraf\u0131ndan belirlenen rugby union kurallar\u0131na g\u00f6re saha boyutlar\u0131 rugby union ile ayn\u0131d\u0131r. Rugby union\u2019dan farkl\u0131 olan kurallar\u0131 \u015f\u00f6yledir:<\/p>\n\n\n\n<ul class=\"wp-block-list\">\n<li>Scrum 3 forward oyuncusundan olu\u015fur.<\/li>\n\n\n\n<li>Tak\u0131mlar en fazla 3 oyuncu de\u011fi\u015ftirebilir.<\/li>\n\n\n\n<li>Berabere kalma durumunda ma\u00e7 5 dakikal\u0131k periyotlar olarak bir tak\u0131m\u0131n kazanmas\u0131 durumuna kadar devam eder.<\/li>\n\n\n\n<li>Sar\u0131 kartlar oyuncuyu 2 dakikal\u0131\u011f\u0131na oyun d\u0131\u015f\u0131na g\u00f6nderir.<\/li>\n\n\n\n<li>Try yap\u0131lmas\u0131 durumunda 40 saniye i\u00e7inde conversion yap\u0131lmal\u0131d\u0131r.<\/li>\n\n\n\n<li>Conversion\u2019lar drop-kick olarak kullan\u0131lmak zorundad\u0131r.<\/li>\n<\/ul>\n\n\n\n<p>\u00f6rnek\u00a0<strong>rugby sevens<\/strong>\u00a0dizilimi:<\/p>\n\n\n<div class=\"wp-block-image\">\n<figure class=\"aligncenter size-large\"><img fetchpriority=\"high\" decoding=\"async\" width=\"1024\" height=\"818\" src=\"https:\/\/trf.gov.tr\/wp-content\/uploads\/2023\/11\/7s-pos-3-1024x818.jpg\" alt=\"\" class=\"wp-image-1191\" srcset=\"https:\/\/trf.gov.tr\/wp-content\/uploads\/2023\/11\/7s-pos-3-1024x818.jpg 1024w, https:\/\/trf.gov.tr\/wp-content\/uploads\/2023\/11\/7s-pos-3-300x240.jpg 300w, https:\/\/trf.gov.tr\/wp-content\/uploads\/2023\/11\/7s-pos-3-768x614.jpg 768w, https:\/\/trf.gov.tr\/wp-content\/uploads\/2023\/11\/7s-pos-3-1536x1227.jpg 1536w, https:\/\/trf.gov.tr\/wp-content\/uploads\/2023\/11\/7s-pos-3.jpg 1707w\" sizes=\"(max-width: 1024px) 100vw, 1024px\" \/><\/figure>\n<\/div>\n\n\n<p>Kaynak:&nbsp;www.rugbyturk.com<\/p>\n\n\n\n<p>T\u00fcrkiye Ragbi Federasyonu<br><a href=\"https:\/\/ragbi.gov.tr\/\" target=\"_blank\" rel=\"noreferrer noopener\">www.trf.gov.tr<\/a><\/p>\n","protected":false},"excerpt":{"rendered":"<p>Rugby union&nbsp;kendi i\u00e7inde \u201cSevens\u201d olarak bilinen bir varyasyonu bar\u0131nd\u0131r\u0131r.&nbsp; Sevens \u201cyedili rugby\u201d rugby union kurallar\u0131na g\u00f6re oynan\u0131r ve daha k\u0131sa<\/p>\n","protected":false},"author":1,"featured_media":1190,"parent":0,"menu_order":0,"comment_status":"closed","ping_status":"closed","template":"","meta":{"footnotes":""},"class_list":["post-1189","page","type-page","status-publish","has-post-thumbnail","hentry"],"wpmagazine_modules_lite_featured_media_urls":{"thumbnail":["https:\/\/trf.gov.tr\/wp-content\/uploads\/2023\/11\/sevens-150x150.jpg",150,150,true],"cvmm-medium":["https:\/\/trf.gov.tr\/wp-content\/uploads\/2023\/11\/sevens.jpg",300,132,false],"cvmm-medium-plus":["https:\/\/trf.gov.tr\/wp-content\/uploads\/2023\/11\/sevens.jpg",305,134,false],"cvmm-portrait":["https:\/\/trf.gov.tr\/wp-content\/uploads\/2023\/11\/sevens.jpg",400,175,false],"cvmm-medium-square":["https:\/\/trf.gov.tr\/wp-content\/uploads\/2023\/11\/sevens.jpg",600,263,false],"cvmm-large":["https:\/\/trf.gov.tr\/wp-content\/uploads\/2023\/11\/sevens.jpg",1024,449,false],"cvmm-small":["https:\/\/trf.gov.tr\/wp-content\/uploads\/2023\/11\/sevens.jpg",130,57,false],"full":["https:\/\/trf.gov.tr\/wp-content\/uploads\/2023\/11\/sevens.jpg",1500,658,false]},"categories_names":null,"comments_number":"0","_links":{"self":[{"href":"https:\/\/trf.gov.tr\/index.php?rest_route=\/wp\/v2\/pages\/1189","targetHints":{"allow":["GET"]}}],"collection":[{"href":"https:\/\/trf.gov.tr\/index.php?rest_route=\/wp\/v2\/pages"}],"about":[{"href":"https:\/\/trf.gov.tr\/index.php?rest_route=\/wp\/v2\/types\/page"}],"author":[{"embeddable":true,"href":"https:\/\/trf.gov.tr\/index.php?rest_route=\/wp\/v2\/users\/1"}],"replies":[{"embeddable":true,"href":"https:\/\/trf.gov.tr\/index.php?rest_route=%2Fwp%2Fv2%2Fcomments&post=1189"}],"version-history":[{"count":1,"href":"https:\/\/trf.gov.tr\/index.php?rest_route=\/wp\/v2\/pages\/1189\/revisions"}],"predecessor-version":[{"id":1192,"href":"https:\/\/trf.gov.tr\/index.php?rest_route=\/wp\/v2\/pages\/1189\/revisions\/1192"}],"wp:featuredmedia":[{"embeddable":true,"href":"https:\/\/trf.gov.tr\/index.php?rest_route=\/wp\/v2\/media\/1190"}],"wp:attachment":[{"href":"https:\/\/trf.gov.tr\/index.php?rest_route=%2Fwp%2Fv2%2Fmedia&parent=1189"}],"curies":[{"name":"wp","href":"https:\/\/api.w.org\/{rel}","templated":true}]}}