{"id":2,"date":"2023-10-22T16:47:03","date_gmt":"2023-10-22T13:47:03","guid":{"rendered":"https:\/\/trf.gov.tr?page_id=2"},"modified":"2025-02-20T23:37:02","modified_gmt":"2025-02-20T20:37:02","slug":"dr-osman-askin-bak","status":"publish","type":"page","link":"https:\/\/trf.gov.tr\/?page_id=2","title":{"rendered":"Dr. Osman A\u015fk\u0131n Bak"},"content":{"rendered":"\n<p>Makine M\u00fchendisi, \u00dcst D\u00fczey Y\u00f6netici, \u00d6\u011fretim \u00dcyesi; \u0130stanbul Teknik \u00dcniversitesi Makine Fak\u00fcltesini bitirdi. \u0130ngiltere&#8217;de Nottingham \u00dcniversitesinde \u0130\u015fletme Y\u00f6netimi ve End\u00fcstri M\u00fchendisli\u011fi alan\u0131nda y\u00fcksek lisans\u0131n\u0131, \u0130stanbul Teknik \u00dcniversitesi Fen Bilimleri Enstit\u00fcs\u00fc End\u00fcstri M\u00fchendisli\u011fi Program\u0131nda doktoras\u0131n\u0131 yapt\u0131.<\/p>\n\n\n\n<p>D\u0131\u015f Ekonomik \u0130li\u015fkiler Kurulu, T\u00fcrk \u0130ran \u0130\u015f Konseyi Y\u00fcr\u00fctme Kurulu \u00dcyesi olarak g\u00f6rev \u00fcstlendi. \u0130stanbul Ticaret Odas\u0131nda Meclis \u00dcyesi olarak g\u00f6rev yapt\u0131. \u00c7e\u015fitli spor kul\u00fcplerinde genel sekreterlik ve ba\u015fkanl\u0131k g\u00f6revleri ile federasyonlarda y\u00f6netim kurulu \u00fcyeli\u011fi, kurul \u00fcyeli\u011fi, genel kurul delegeli\u011fi ve ba\u015fkanl\u0131k g\u00f6revlerinde bulundu. \u00c7ok say\u0131da makale ve bilimsel yay\u0131n\u0131 bulunmaktad\u0131r.<\/p>\n\n\n\n<p>24. D\u00f6nemde \u0130stanbul, 25, 26 ve 27. D\u00f6nemde Rize Milletvekili se\u00e7ildi. NATO Parlamenterler Asamblesi T\u00fcrk Grubu \u00dcyesi ve D\u0131\u015fi\u015fleri Komisyonu S\u00f6zc\u00fcs\u00fc oldu. Dopingle M\u00fccadele Ara\u015ft\u0131rma Komisyonu Ba\u015fkanl\u0131\u011f\u0131 yapt\u0131. 65. H\u00fck\u00fbmette Gen\u00e7lik ve Spor Bakan\u0131 olarak g\u00f6rev ald\u0131.<\/p>\n\n\n\n<p>\u00c7ok iyi d\u00fczeyde \u0130ngilizce ve orta d\u00fczeyde Almanca ve Fars\u00e7a bilen Bak, evli ve 4 \u00e7ocuk babas\u0131d\u0131r.<\/p>\n","protected":false},"excerpt":{"rendered":"<p>Makine M\u00fchendisi, \u00dcst D\u00fczey Y\u00f6netici, \u00d6\u011fretim \u00dcyesi; \u0130stanbul Teknik \u00dcniversitesi Makine Fak\u00fcltesini bitirdi. \u0130ngiltere&#8217;de Nottingham \u00dcniversitesinde \u0130\u015fletme Y\u00f6netimi ve End\u00fcstri<\/p>\n","protected":false},"author":1,"featured_media":51,"parent":0,"menu_order":0,"comment_status":"closed","ping_status":"closed","template":"","meta":{"footnotes":""},"class_list":["post-2","page","type-page","status-publish","has-post-thumbnail","hentry"],"wpmagazine_modules_lite_featured_media_urls":{"thumbnail":["https:\/\/trf.gov.tr\/wp-content\/uploads\/2023\/10\/osmanaskinbak-150x150.png",150,150,true],"cvmm-medium":["https:\/\/trf.gov.tr\/wp-content\/uploads\/2023\/10\/osmanaskinbak.png",300,169,false],"cvmm-medium-plus":["https:\/\/trf.gov.tr\/wp-content\/uploads\/2023\/10\/osmanaskinbak.png",305,172,false],"cvmm-portrait":["https:\/\/trf.gov.tr\/wp-content\/uploads\/2023\/10\/osmanaskinbak.png",400,225,false],"cvmm-medium-square":["https:\/\/trf.gov.tr\/wp-content\/uploads\/2023\/10\/osmanaskinbak.png",600,338,false],"cvmm-large":["https:\/\/trf.gov.tr\/wp-content\/uploads\/2023\/10\/osmanaskinbak.png",1024,576,false],"cvmm-small":["https:\/\/trf.gov.tr\/wp-content\/uploads\/2023\/10\/osmanaskinbak.png",130,73,false],"full":["https:\/\/trf.gov.tr\/wp-content\/uploads\/2023\/10\/osmanaskinbak.png",1918,1079,false]},"categories_names":null,"comments_number":"0","_links":{"self":[{"href":"https:\/\/trf.gov.tr\/index.php?rest_route=\/wp\/v2\/pages\/2","targetHints":{"allow":["GET"]}}],"collection":[{"href":"https:\/\/trf.gov.tr\/index.php?rest_route=\/wp\/v2\/pages"}],"about":[{"href":"https:\/\/trf.gov.tr\/index.php?rest_route=\/wp\/v2\/types\/page"}],"author":[{"embeddable":true,"href":"https:\/\/trf.gov.tr\/index.php?rest_route=\/wp\/v2\/users\/1"}],"replies":[{"embeddable":true,"href":"https:\/\/trf.gov.tr\/index.php?rest_route=%2Fwp%2Fv2%2Fcomments&post=2"}],"version-history":[{"count":1,"href":"https:\/\/trf.gov.tr\/index.php?rest_route=\/wp\/v2\/pages\/2\/revisions"}],"predecessor-version":[{"id":52,"href":"https:\/\/trf.gov.tr\/index.php?rest_route=\/wp\/v2\/pages\/2\/revisions\/52"}],"wp:featuredmedia":[{"embeddable":true,"href":"https:\/\/trf.gov.tr\/index.php?rest_route=\/wp\/v2\/media\/51"}],"wp:attachment":[{"href":"https:\/\/trf.gov.tr\/index.php?rest_route=%2Fwp%2Fv2%2Fmedia&parent=2"}],"curies":[{"name":"wp","href":"https:\/\/api.w.org\/{rel}","templated":true}]}}