{"id":82,"date":"2023-10-22T18:58:29","date_gmt":"2023-10-22T15:58:29","guid":{"rendered":"https:\/\/trf.gov.tr?page_id=82"},"modified":"2026-04-10T09:18:36","modified_gmt":"2026-04-10T06:18:36","slug":"il-temsilcileri","status":"publish","type":"page","link":"https:\/\/trf.gov.tr\/?page_id=82","title":{"rendered":"\u0130l Temsilcileri"},"content":{"rendered":"<table width=\"556\">\n<tbody>\n<tr>\n<td width=\"189\">\n<p aria-multiline=\"true\" aria-label=\"Ana h\u00fccre metni\">ADANA<\/p>\n<\/td>\n<td width=\"367\">\n<p aria-multiline=\"true\" aria-label=\"Ana h\u00fccre metni\">G\u00d6KHAN BOZKURT<\/p>\n<\/td>\n<\/tr>\n<tr>\n<td width=\"189\">\n<p aria-multiline=\"true\" aria-label=\"Ana h\u00fccre metni\">ADIYAMAN<\/p>\n<\/td>\n<td width=\"367\">\n<p aria-multiline=\"true\" aria-label=\"Ana h\u00fccre metni\">RAMAZAN MAM\u0130\u015e<\/p>\n<\/td>\n<\/tr>\n<tr>\n<td width=\"189\">\n<p aria-multiline=\"true\" aria-label=\"Ana h\u00fccre metni\">AFYONKARAH\u0130SAR<\/p>\n<\/td>\n<td width=\"367\">\n<p aria-multiline=\"true\" aria-label=\"Ana h\u00fccre metni\">MURAT EM\u0130R\u0130K<\/p>\n<\/td>\n<\/tr>\n<tr>\n<td width=\"189\">\n<p aria-multiline=\"true\" aria-label=\"Ana h\u00fccre metni\">A\u011eRI<\/p>\n<\/td>\n<td width=\"367\">\n<p aria-multiline=\"true\" aria-label=\"Ana h\u00fccre metni\">\u0130LYAS KESK\u0130N<\/p>\n<\/td>\n<\/tr>\n<tr>\n<td width=\"189\">\n<p aria-multiline=\"true\" aria-label=\"Ana h\u00fccre metni\">AMASYA<\/p>\n<\/td>\n<td width=\"367\">\n<p aria-multiline=\"true\" aria-label=\"Ana h\u00fccre metni\">NAZ\u0130F \u015eAH\u0130N<\/p>\n<\/td>\n<\/tr>\n<tr>\n<td width=\"189\">\n<p aria-multiline=\"true\" aria-label=\"Ana h\u00fccre metni\">ANKARA<\/p>\n<\/td>\n<td width=\"367\">\n<p aria-multiline=\"true\" aria-label=\"Ana h\u00fccre metni\">HASAN HELVA<\/p>\n<\/td>\n<\/tr>\n<tr>\n<td width=\"189\">\n<p aria-multiline=\"true\" aria-label=\"Ana h\u00fccre metni\">ANTALYA<\/p>\n<\/td>\n<td width=\"367\">\n<p aria-multiline=\"true\" aria-label=\"Ana h\u00fccre metni\">RAZ\u0130YE SAKA<\/p>\n<\/td>\n<\/tr>\n<tr>\n<td width=\"189\">\n<p aria-multiline=\"true\" aria-label=\"Ana h\u00fccre metni\">AYDIN<\/p>\n<\/td>\n<td width=\"367\">\n<p aria-multiline=\"true\" aria-label=\"Ana h\u00fccre metni\">BATUHAN ORDU<\/p>\n<\/td>\n<\/tr>\n<tr>\n<td width=\"189\">\n<p aria-multiline=\"true\" aria-label=\"Ana h\u00fccre metni\">BALIKES\u0130R<\/p>\n<\/td>\n<td width=\"367\">\n<p aria-multiline=\"true\" aria-label=\"Ana h\u00fccre metni\">S\u0130NAN \u015eENG\u00dcL<\/p>\n<\/td>\n<\/tr>\n<tr>\n<td width=\"189\">\n<p aria-multiline=\"true\" aria-label=\"Ana h\u00fccre metni\">BARTIN<\/p>\n<\/td>\n<td width=\"367\">\n<p aria-multiline=\"true\" aria-label=\"Ana h\u00fccre metni\">MUSTAFA CAN ESER<\/p>\n<\/td>\n<\/tr>\n<tr>\n<td width=\"189\">\n<p aria-multiline=\"true\" aria-label=\"Ana h\u00fccre metni\">BATMAN<\/p>\n<\/td>\n<td width=\"367\">\n<p aria-multiline=\"true\" aria-label=\"Ana h\u00fccre metni\">ZEHRA AKAR<\/p>\n<\/td>\n<\/tr>\n<tr>\n<td width=\"189\">\n<p aria-multiline=\"true\" aria-label=\"Ana h\u00fccre metni\">B\u0130LEC\u0130K<\/p>\n<\/td>\n<td width=\"367\">\n<p aria-multiline=\"true\" aria-label=\"Ana h\u00fccre metni\">ONUR \u00c7ER\u0130<\/p>\n<\/td>\n<\/tr>\n<tr>\n<td width=\"189\">\n<p aria-multiline=\"true\" aria-label=\"Ana h\u00fccre metni\">BURDUR<\/p>\n<\/td>\n<td width=\"367\">\n<p aria-multiline=\"true\" aria-label=\"Ana h\u00fccre metni\">AS\u0130L \u00c7AKIR<\/p>\n<\/td>\n<\/tr>\n<tr>\n<td width=\"189\">\n<p aria-multiline=\"true\" aria-label=\"Ana h\u00fccre metni\">BURSA<\/p>\n<\/td>\n<td width=\"367\">\n<p aria-multiline=\"true\" aria-label=\"Ana h\u00fccre metni\">ERTAN DA\u011eA\u015eAN<\/p>\n<\/td>\n<\/tr>\n<tr>\n<td width=\"189\">\n<p aria-multiline=\"true\" aria-label=\"Ana h\u00fccre metni\">\u00c7ANKIRI<\/p>\n<\/td>\n<td width=\"367\">\n<p aria-multiline=\"true\" aria-label=\"Ana h\u00fccre metni\">NAD\u0130R KAYA\u015e<\/p>\n<\/td>\n<\/tr>\n<tr>\n<td width=\"189\">\n<p aria-multiline=\"true\" aria-label=\"Ana h\u00fccre metni\">\u00c7ORUM<\/p>\n<\/td>\n<td width=\"367\">\n<p aria-multiline=\"true\" aria-label=\"Ana h\u00fccre metni\">AL\u0130 AKINALP<\/p>\n<\/td>\n<\/tr>\n<tr>\n<td width=\"189\">\n<p aria-multiline=\"true\" aria-label=\"Ana h\u00fccre metni\">DEN\u0130ZL\u0130<\/p>\n<\/td>\n<td width=\"367\">\n<p aria-multiline=\"true\" aria-label=\"Ana h\u00fccre metni\">EMRULLAH SAL\u0130M<\/p>\n<\/td>\n<\/tr>\n<tr>\n<td width=\"189\">\n<p aria-multiline=\"true\" aria-label=\"Ana h\u00fccre metni\">D\u0130YARBAKIR<\/p>\n<\/td>\n<td width=\"367\">\n<p aria-multiline=\"true\" aria-label=\"Ana h\u00fccre metni\">\u00d6MER U\u00c7AR<\/p>\n<\/td>\n<\/tr>\n<tr>\n<td width=\"189\">\n<p aria-multiline=\"true\" aria-label=\"Ana h\u00fccre metni\">ESK\u0130\u015eEH\u0130R<\/p>\n<\/td>\n<td width=\"367\">\n<p aria-multiline=\"true\" aria-label=\"Ana h\u00fccre metni\">EM\u0130N ERDEN<\/p>\n<\/td>\n<\/tr>\n<tr>\n<td width=\"189\">\n<p aria-multiline=\"true\" aria-label=\"Ana h\u00fccre metni\">ED\u0130RNE<\/p>\n<\/td>\n<td width=\"367\">\n<p aria-multiline=\"true\" aria-label=\"Ana h\u00fccre metni\">ZAFER ERAY<\/p>\n<\/td>\n<\/tr>\n<tr>\n<td width=\"189\">\n<p aria-multiline=\"true\" aria-label=\"Ana h\u00fccre metni\">ERZ\u0130NCAN<\/p>\n<\/td>\n<td width=\"367\">\n<p aria-multiline=\"true\" aria-label=\"Ana h\u00fccre metni\">\u0130SRAF\u0130L SARI\u00c7\u0130\u00c7EK<\/p>\n<\/td>\n<\/tr>\n<tr>\n<td width=\"189\">\n<p aria-multiline=\"true\" aria-label=\"Ana h\u00fccre metni\">ERZURUM<\/p>\n<\/td>\n<td width=\"367\">\n<p aria-multiline=\"true\" aria-label=\"Ana h\u00fccre metni\">K\u00dcBRA \u00d6ZDEM\u0130R<\/p>\n<\/td>\n<\/tr>\n<tr>\n<td width=\"189\">\n<p aria-multiline=\"true\" aria-label=\"Ana h\u00fccre metni\">GAZ\u0130ANTEP<\/p>\n<\/td>\n<td width=\"367\">\n<p aria-multiline=\"true\" aria-label=\"Ana h\u00fccre metni\">FEHM\u0130 \u00c7APAN<\/p>\n<\/td>\n<\/tr>\n<tr>\n<td width=\"189\">\n<p aria-multiline=\"true\" aria-label=\"Ana h\u00fccre metni\">G\u0130RESUN<\/p>\n<\/td>\n<td width=\"367\">\n<p aria-multiline=\"true\" aria-label=\"Ana h\u00fccre metni\">AHMET K\u0130REZ<\/p>\n<\/td>\n<\/tr>\n<tr>\n<td width=\"189\">\n<p aria-multiline=\"true\" aria-label=\"Ana h\u00fccre metni\">HATAY<\/p>\n<\/td>\n<td width=\"367\">\n<p aria-multiline=\"true\" aria-label=\"Ana h\u00fccre metni\">FETTAH USLU<\/p>\n<\/td>\n<\/tr>\n<tr>\n<td width=\"189\">\n<p aria-multiline=\"true\" aria-label=\"Ana h\u00fccre metni\">ISPARTA<\/p>\n<\/td>\n<td width=\"367\">\n<p aria-multiline=\"true\" aria-label=\"Ana h\u00fccre metni\">ALPEREN KADEML\u0130<\/p>\n<\/td>\n<\/tr>\n<tr>\n<td width=\"189\">\n<p aria-multiline=\"true\" aria-label=\"Ana h\u00fccre metni\">\u0130STANBUL<\/p>\n<\/td>\n<td width=\"367\">\n<p aria-multiline=\"true\" aria-label=\"Ana h\u00fccre metni\">FERHAT F\u0130DAN<\/p>\n<\/td>\n<\/tr>\n<tr>\n<td width=\"189\">\n<p aria-multiline=\"true\" aria-label=\"Ana h\u00fccre metni\">\u0130ZM\u0130R<\/p>\n<\/td>\n<td width=\"367\">\n<p aria-multiline=\"true\" aria-label=\"Ana h\u00fccre metni\">MERT AYLIN<\/p>\n<\/td>\n<\/tr>\n<tr>\n<td width=\"189\">\n<p aria-multiline=\"true\" aria-label=\"Ana h\u00fccre metni\">KASTAMONU<\/p>\n<\/td>\n<td width=\"367\">\n<p aria-multiline=\"true\" aria-label=\"Ana h\u00fccre metni\">SERCAN H\u00dcK\u00dcMEN<\/p>\n<\/td>\n<\/tr>\n<tr>\n<td width=\"189\">\n<p aria-multiline=\"true\" aria-label=\"Ana h\u00fccre metni\">KAYSER\u0130<\/p>\n<\/td>\n<td width=\"367\">\n<p aria-multiline=\"true\" aria-label=\"Ana h\u00fccre metni\">VEYSEL \u00dcLKER<\/p>\n<\/td>\n<\/tr>\n<tr>\n<td width=\"189\">\n<p aria-multiline=\"true\" aria-label=\"Ana h\u00fccre metni\">KIRIKKALE<\/p>\n<\/td>\n<td width=\"367\">\n<p aria-multiline=\"true\" aria-label=\"Ana h\u00fccre metni\">ENVER DANACI<\/p>\n<\/td>\n<\/tr>\n<tr>\n<td width=\"189\">\n<p aria-multiline=\"true\" aria-label=\"Ana h\u00fccre metni\">KIR\u015eEH\u0130R<\/p>\n<\/td>\n<td width=\"367\">\n<p aria-multiline=\"true\" aria-label=\"Ana h\u00fccre metni\">O\u011eUZ ARTIM<\/p>\n<\/td>\n<\/tr>\n<tr>\n<td width=\"189\">\n<p aria-multiline=\"true\" aria-label=\"Ana h\u00fccre metni\">KIRKLAREL\u0130<\/p>\n<\/td>\n<td width=\"367\">\n<p aria-multiline=\"true\" aria-label=\"Ana h\u00fccre metni\">MERVE SEZER<\/p>\n<\/td>\n<\/tr>\n<tr>\n<td width=\"189\">\n<p aria-multiline=\"true\" aria-label=\"Ana h\u00fccre metni\">K\u0130L\u0130S<\/p>\n<\/td>\n<td width=\"367\">\n<p aria-multiline=\"true\" aria-label=\"Ana h\u00fccre metni\">ERDEM \u00c7EL\u0130K<\/p>\n<\/td>\n<\/tr>\n<tr>\n<td width=\"189\">\n<p aria-multiline=\"true\" aria-label=\"Ana h\u00fccre metni\">KOCAEL\u0130<\/p>\n<\/td>\n<td width=\"367\">\n<p aria-multiline=\"true\" aria-label=\"Ana h\u00fccre metni\">\u0130HSAN DEM\u0130RTA\u015e<\/p>\n<\/td>\n<\/tr>\n<tr>\n<td width=\"189\">\n<p aria-multiline=\"true\" aria-label=\"Ana h\u00fccre metni\">KONYA<\/p>\n<\/td>\n<td width=\"367\">\n<p aria-multiline=\"true\" aria-label=\"Ana h\u00fccre metni\">MUSTAFA \u015eAH\u0130N<\/p>\n<\/td>\n<\/tr>\n<tr>\n<td width=\"189\">\n<p aria-multiline=\"true\" aria-label=\"Ana h\u00fccre metni\">K\u00dcTAHYA<\/p>\n<\/td>\n<td width=\"367\">\n<p aria-multiline=\"true\" aria-label=\"Ana h\u00fccre metni\">BER\u0130VAN D\u0130LMA\u00c7<\/p>\n<\/td>\n<\/tr>\n<tr>\n<td width=\"189\">\n<p aria-multiline=\"true\" aria-label=\"Ana h\u00fccre metni\">KAHRAMANMARA\u015e<\/p>\n<\/td>\n<td width=\"367\">\n<p aria-multiline=\"true\" aria-label=\"Ana h\u00fccre metni\">MUSTAFA \u00d6ZTA\u015e<\/p>\n<\/td>\n<\/tr>\n<tr>\n<td width=\"189\">\n<p aria-multiline=\"true\" aria-label=\"Ana h\u00fccre metni\">MARD\u0130N<\/p>\n<\/td>\n<td width=\"367\">\n<p aria-multiline=\"true\" aria-label=\"Ana h\u00fccre metni\">MET\u0130N DEM\u0130R<\/p>\n<\/td>\n<\/tr>\n<tr>\n<td width=\"189\">\n<p aria-multiline=\"true\" aria-label=\"Ana h\u00fccre metni\">MERS\u0130N<\/p>\n<\/td>\n<td width=\"367\">\n<p aria-multiline=\"true\" aria-label=\"Ana h\u00fccre metni\">\u0130BRAH\u0130M TURHAN<\/p>\n<\/td>\n<\/tr>\n<tr>\n<td width=\"189\">\n<p aria-multiline=\"true\" aria-label=\"Ana h\u00fccre metni\">MU\u011eLA<\/p>\n<\/td>\n<td width=\"367\">\n<p aria-multiline=\"true\" aria-label=\"Ana h\u00fccre metni\">ABDULSAMET ALATA\u015e<\/p>\n<\/td>\n<\/tr>\n<tr>\n<td width=\"189\">\n<p aria-multiline=\"true\" aria-label=\"Ana h\u00fccre metni\">N\u0130\u011eDE<\/p>\n<\/td>\n<td width=\"367\">\n<p aria-multiline=\"true\" aria-label=\"Ana h\u00fccre metni\">AHMET \u015e\u0130M\u015eEK<\/p>\n<\/td>\n<\/tr>\n<tr>\n<td width=\"189\">\n<p aria-multiline=\"true\" aria-label=\"Ana h\u00fccre metni\">ORDU<\/p>\n<\/td>\n<td width=\"367\">\n<p aria-multiline=\"true\" aria-label=\"Ana h\u00fccre metni\">MESUT VARLIK<\/p>\n<\/td>\n<\/tr>\n<tr>\n<td width=\"189\">\n<p aria-multiline=\"true\" aria-label=\"Ana h\u00fccre metni\">OSMAN\u0130YE<\/p>\n<\/td>\n<td width=\"367\">\n<p aria-multiline=\"true\" aria-label=\"Ana h\u00fccre metni\">MUSTAFA BA\u015eK\u00d6YL\u00dc<\/p>\n<\/td>\n<\/tr>\n<tr>\n<td width=\"189\">\n<p aria-multiline=\"true\" aria-label=\"Ana h\u00fccre metni\">R\u0130ZE<\/p>\n<\/td>\n<td width=\"367\">\n<p aria-multiline=\"true\" aria-label=\"Ana h\u00fccre metni\">YUNUS EMRE BOSTAN<\/p>\n<\/td>\n<\/tr>\n<tr>\n<td width=\"189\">\n<p aria-multiline=\"true\" aria-label=\"Ana h\u00fccre metni\">SAKARYA<\/p>\n<\/td>\n<td width=\"367\">\n<p aria-multiline=\"true\" aria-label=\"Ana h\u00fccre metni\">CENK YAVUZ<\/p>\n<\/td>\n<\/tr>\n<tr>\n<td width=\"189\">\n<p aria-multiline=\"true\" aria-label=\"Ana h\u00fccre metni\">SAMSUN<\/p>\n<\/td>\n<td width=\"367\">\n<p aria-multiline=\"true\" aria-label=\"Ana h\u00fccre metni\">TAMER TURAN<\/p>\n<\/td>\n<\/tr>\n<tr>\n<td width=\"189\">\n<p aria-multiline=\"true\" aria-label=\"Ana h\u00fccre metni\">S\u0130\u0130RT<\/p>\n<\/td>\n<td width=\"367\">\n<p aria-multiline=\"true\" aria-label=\"Ana h\u00fccre metni\">MEHMET \u015eEN<\/p>\n<\/td>\n<\/tr>\n<tr>\n<td width=\"189\">\n<p aria-multiline=\"true\" aria-label=\"Ana h\u00fccre metni\">S\u0130NOP<\/p>\n<\/td>\n<td width=\"367\">\n<p aria-multiline=\"true\" aria-label=\"Ana h\u00fccre metni\">BURHANETT\u0130N AK\u00c7A<\/p>\n<\/td>\n<\/tr>\n<tr>\n<td width=\"189\">\n<p aria-multiline=\"true\" aria-label=\"Ana h\u00fccre metni\">S\u0130VAS<\/p>\n<\/td>\n<td width=\"367\">\n<p aria-multiline=\"true\" aria-label=\"Ana h\u00fccre metni\">\u00d6MER K\u00dcR\u015eAD SOYY\u00dcCE<\/p>\n<\/td>\n<\/tr>\n<tr>\n<td width=\"189\">\n<p aria-multiline=\"true\" aria-label=\"Ana h\u00fccre metni\">\u015eANLIURFA<\/p>\n<\/td>\n<td width=\"367\">\n<p aria-multiline=\"true\" aria-label=\"Ana h\u00fccre metni\">RAMAZAN DEM\u0130RKOL<\/p>\n<\/td>\n<\/tr>\n<tr>\n<td width=\"189\">\n<p aria-multiline=\"true\" aria-label=\"Ana h\u00fccre metni\">TOKAT<\/p>\n<\/td>\n<td width=\"367\">\n<p aria-multiline=\"true\" aria-label=\"Ana h\u00fccre metni\">YUSUF \u00d6ZT\u00dcRK<\/p>\n<\/td>\n<\/tr>\n<tr>\n<td width=\"189\">\n<p aria-multiline=\"true\" aria-label=\"Ana h\u00fccre metni\">TRABZON<\/p>\n<\/td>\n<td width=\"367\">\n<p aria-multiline=\"true\" aria-label=\"Ana h\u00fccre metni\">\u0130SMA\u0130L DANI\u015eMAZ<\/p>\n<\/td>\n<\/tr>\n<tr>\n<td width=\"189\">\n<p aria-multiline=\"true\" aria-label=\"Ana h\u00fccre metni\">U\u015eAK<\/p>\n<\/td>\n<td width=\"367\">\n<p aria-multiline=\"true\" aria-label=\"Ana h\u00fccre metni\">\u0130SMA\u0130L AL<\/p>\n<\/td>\n<\/tr>\n<tr>\n<td width=\"189\">\n<p aria-multiline=\"true\" aria-label=\"Ana h\u00fccre metni\">VAN<\/p>\n<\/td>\n<td width=\"367\">\n<p aria-multiline=\"true\" aria-label=\"Ana h\u00fccre metni\">RESUL ASLAN<\/p>\n<\/td>\n<\/tr>\n<tr>\n<td width=\"189\">\n<p aria-multiline=\"true\" aria-label=\"Ana h\u00fccre metni\">YALOVA<\/p>\n<\/td>\n<td width=\"367\">\n<p aria-multiline=\"true\" aria-label=\"Ana h\u00fccre metni\">ENSAR N\u0130HAT Y\u00dcKSEL<\/p>\n<\/td>\n<\/tr>\n<tr>\n<td width=\"189\">\n<p aria-multiline=\"true\" aria-label=\"Ana h\u00fccre metni\">YOZGAT<\/p>\n<\/td>\n<td width=\"367\">\n<p aria-multiline=\"true\" aria-label=\"Ana h\u00fccre metni\">MERVE \u015eA\u015eMAZ<\/p>\n<\/td>\n<\/tr>\n<tr>\n<td width=\"189\">\n<p aria-multiline=\"true\" aria-label=\"Ana h\u00fccre metni\">ZONGULDAK<\/p>\n<\/td>\n<td width=\"367\">\n<p aria-multiline=\"true\" aria-label=\"Ana h\u00fccre metni\">BATUHAN BALTA<\/p>\n<\/td>\n<\/tr>\n<\/tbody>\n<\/table>\n","protected":false},"excerpt":{"rendered":"<p>ADANA G\u00d6KHAN BOZKURT ADIYAMAN RAMAZAN MAM\u0130\u015e AFYONKARAH\u0130SAR MURAT EM\u0130R\u0130K A\u011eRI \u0130LYAS KESK\u0130N AMASYA NAZ\u0130F \u015eAH\u0130N ANKARA HASAN HELVA ANTALYA RAZ\u0130YE<\/p>\n","protected":false},"author":1,"featured_media":0,"parent":0,"menu_order":0,"comment_status":"closed","ping_status":"closed","template":"","meta":{"footnotes":""},"class_list":["post-82","page","type-page","status-publish","hentry"],"wpmagazine_modules_lite_featured_media_urls":{"thumbnail":"","cvmm-medium":"","cvmm-medium-plus":"","cvmm-portrait":"","cvmm-medium-square":"","cvmm-large":"","cvmm-small":"","full":""},"categories_names":null,"comments_number":"0","_links":{"self":[{"href":"https:\/\/trf.gov.tr\/index.php?rest_route=\/wp\/v2\/pages\/82","targetHints":{"allow":["GET"]}}],"collection":[{"href":"https:\/\/trf.gov.tr\/index.php?rest_route=\/wp\/v2\/pages"}],"about":[{"href":"https:\/\/trf.gov.tr\/index.php?rest_route=\/wp\/v2\/types\/page"}],"author":[{"embeddable":true,"href":"https:\/\/trf.gov.tr\/index.php?rest_route=\/wp\/v2\/users\/1"}],"replies":[{"embeddable":true,"href":"https:\/\/trf.gov.tr\/index.php?rest_route=%2Fwp%2Fv2%2Fcomments&post=82"}],"version-history":[{"count":26,"href":"https:\/\/trf.gov.tr\/index.php?rest_route=\/wp\/v2\/pages\/82\/revisions"}],"predecessor-version":[{"id":10249,"href":"https:\/\/trf.gov.tr\/index.php?rest_route=\/wp\/v2\/pages\/82\/revisions\/10249"}],"wp:attachment":[{"href":"https:\/\/trf.gov.tr\/index.php?rest_route=%2Fwp%2Fv2%2Fmedia&parent=82"}],"curies":[{"name":"wp","href":"https:\/\/api.w.org\/{rel}","templated":true}]}}